CRAN Package Check Results for Package bandsfdp

Last updated on 2025-02-18 09:50:32 CET.

Flavor Version Tinstall Tcheck Ttotal Status Flags
r-devel-linux-x86_64-debian-clang 1.1.0 2.78 20.67 23.45 OK
r-devel-linux-x86_64-debian-gcc 1.1.0 2.02 16.20 18.22 OK
r-devel-linux-x86_64-fedora-clang 1.1.0 40.69 OK
r-devel-linux-x86_64-fedora-gcc 1.1.0 37.71 OK
r-devel-macos-arm64 1.1.0 16.00 OK
r-devel-macos-x86_64 1.1.0 26.00 OK
r-devel-windows-x86_64 1.1.0 3.00 48.00 51.00 OK
r-patched-linux-x86_64 1.1.0 2.86 19.95 22.81 NOTE
r-release-linux-x86_64 1.1.0 2.48 19.56 22.04 NOTE
r-release-macos-arm64 1.1.0 19.00 NOTE
r-release-macos-x86_64 1.1.0 23.00 NOTE
r-release-windows-x86_64 1.1.0 4.00 42.00 46.00 NOTE
r-oldrel-macos-arm64 1.1.0 18.00 NOTE
r-oldrel-macos-x86_64 1.1.0 35.00 NOTE
r-oldrel-windows-x86_64 1.1.0 5.00 43.00 48.00 NOTE

Check Details

Version: 1.1.0
Check: package dependencies
Result: NOTE Package suggested but not available for checking: ‘fdpbandsdata’ Flavors: r-patched-linux-x86_64, r-release-linux-x86_64, r-release-macos-arm64, r-release-macos-x86_64, r-release-windows-x86_64, r-oldrel-macos-arm64, r-oldrel-macos-x86_64, r-oldrel-windows-x86_64