Last updated on 2025-02-16 09:50:34 CET.
Flavor | Version | Tinstall | Tcheck | Ttotal | Status | Flags |
---|---|---|---|---|---|---|
r-devel-linux-x86_64-debian-clang | 0.7.8 | 621.64 | 269.85 | 891.49 | NOTE | |
r-devel-linux-x86_64-debian-gcc | 0.7.8 | 585.46 | 242.85 | 828.31 | NOTE | |
r-devel-linux-x86_64-fedora-clang | 0.7.8 | 1522.19 | OK | |||
r-devel-linux-x86_64-fedora-gcc | 0.7.8 | 2027.43 | OK | |||
r-devel-macos-arm64 | 0.7.8 | 386.00 | OK | |||
r-devel-macos-x86_64 | 0.7.8 | 607.00 | OK | |||
r-devel-windows-x86_64 | 0.7.8 | 587.00 | 356.00 | 943.00 | NOTE | |
r-patched-linux-x86_64 | 0.7.8 | 760.10 | 324.09 | 1084.19 | OK | |
r-release-linux-x86_64 | 0.7.8 | 736.03 | 326.72 | 1062.75 | OK | |
r-release-macos-arm64 | 0.7.8 | 204.00 | NOTE | |||
r-release-macos-x86_64 | 0.7.8 | 245.00 | NOTE | |||
r-release-windows-x86_64 | 0.7.8 | 593.00 | 358.00 | 951.00 | NOTE | |
r-oldrel-macos-arm64 | 0.7.8 | 346.00 | NOTE | |||
r-oldrel-macos-x86_64 | 0.7.8 | 482.00 | NOTE | |||
r-oldrel-windows-x86_64 | 0.7.8 | 829.00 | 435.00 | 1264.00 | NOTE |
Version: 0.7.8
Check: Rd cross-references
Result: NOTE
Found the following Rd file(s) with Rd \link{} targets missing package
anchors:
forest_plot.Rd: forestplot
Please provide package anchors for all Rd \link{} targets not in the
package itself and the base packages.
Flavors: r-devel-linux-x86_64-debian-clang, r-devel-linux-x86_64-debian-gcc, r-devel-windows-x86_64
Version: 0.7.8
Check: installed package size
Result: NOTE
installed size is 126.5Mb
sub-directories of 1Mb or more:
libs 124.7Mb
Flavors: r-release-macos-arm64, r-release-macos-x86_64, r-release-windows-x86_64, r-oldrel-macos-arm64, r-oldrel-macos-x86_64, r-oldrel-windows-x86_64
Version: 0.7.8
Check: for GNU extensions in Makefiles
Result: NOTE
GNU make is a SystemRequirements.
Flavors: r-release-macos-arm64, r-release-macos-x86_64, r-oldrel-macos-arm64, r-oldrel-macos-x86_64