Last updated on 2025-02-16 09:50:34 CET.
Flavor | Version | Tinstall | Tcheck | Ttotal | Status | Flags |
---|---|---|---|---|---|---|
r-devel-linux-x86_64-debian-clang | 1.0.0 | 4.23 | 38.16 | 42.39 | OK | |
r-devel-linux-x86_64-debian-gcc | 1.0.0 | 2.97 | 29.47 | 32.44 | OK | |
r-devel-linux-x86_64-fedora-clang | 1.0.0 | 69.71 | NOTE | |||
r-devel-linux-x86_64-fedora-gcc | 1.0.0 | 77.98 | NOTE | |||
r-devel-macos-arm64 | 1.0.0 | 30.00 | OK | |||
r-devel-macos-x86_64 | 1.0.0 | 57.00 | OK | |||
r-devel-windows-x86_64 | 1.0.0 | 6.00 | 56.00 | 62.00 | OK | |
r-patched-linux-x86_64 | 1.0.0 | 4.03 | 36.05 | 40.08 | OK | |
r-release-linux-x86_64 | 1.0.0 | 3.75 | 35.70 | 39.45 | OK | |
r-release-macos-arm64 | 1.0.0 | 30.00 | OK | |||
r-release-macos-x86_64 | 1.0.0 | 44.00 | OK | |||
r-release-windows-x86_64 | 1.0.0 | 6.00 | 58.00 | 64.00 | OK | |
r-oldrel-macos-arm64 | 1.0.0 | 29.00 | OK | |||
r-oldrel-macos-x86_64 | 1.0.0 | 46.00 | OK | |||
r-oldrel-windows-x86_64 | 1.0.0 | 6.00 | 59.00 | 65.00 | OK |
Version: 1.0.0
Check: dependencies in R code
Result: NOTE
Namespace in Imports field not imported from: ‘tidyr’
All declared Imports should be used.
Flavors: r-devel-linux-x86_64-fedora-clang, r-devel-linux-x86_64-fedora-gcc