CRAN Package Check Results for Package arulesNBMiner

Last updated on 2025-07-13 09:49:35 CEST.

Flavor Version Tinstall Tcheck Ttotal Status Flags
r-devel-linux-x86_64-debian-clang 0.1-8 10.58 89.76 100.34 NOTE
r-devel-linux-x86_64-debian-gcc 0.1-8 7.82 65.89 73.71 NOTE
r-devel-linux-x86_64-fedora-clang 0.1-8 151.51 OK
r-devel-linux-x86_64-fedora-gcc 0.1-8 144.28 OK
r-devel-windows-x86_64 0.1-8 11.00 96.00 107.00 OK
r-patched-linux-x86_64 0.1-8 10.69 85.62 96.31 OK
r-release-linux-x86_64 0.1-8 10.68 84.34 95.02 OK
r-release-macos-arm64 0.1-8 52.00 OK
r-release-macos-x86_64 0.1-8 103.00 OK
r-release-windows-x86_64 0.1-8 11.00 102.00 113.00 OK
r-oldrel-macos-arm64 0.1-8 46.00 OK
r-oldrel-macos-x86_64 0.1-8 66.00 OK
r-oldrel-windows-x86_64 0.1-8 15.00 117.00 132.00 OK

Check Details

Version: 0.1-8
Check: CRAN incoming feasibility
Result: NOTE Maintainer: ‘Michael Hahsler <mhahsler@lyle.smu.edu>’ The BugReports field in DESCRIPTION has https://github.com/mhahsler/arulesNBMiner which should likely be https://github.com/mhahsler/arulesNBMiner/issues instead. Flavors: r-devel-linux-x86_64-debian-clang, r-devel-linux-x86_64-debian-gcc