CRAN Package Check Results for Package apercu

Last updated on 2025-04-15 09:52:13 CEST.

Flavor Version Tinstall Tcheck Ttotal Status Flags
r-devel-linux-x86_64-debian-clang 0.2.5 1.75 18.61 20.36 OK
r-devel-linux-x86_64-debian-gcc 0.2.5 1.27 15.09 16.36 OK
r-devel-linux-x86_64-fedora-clang 0.2.5 33.01 NOTE
r-devel-linux-x86_64-fedora-gcc 0.2.5 30.59 NOTE
r-devel-windows-x86_64 0.2.5 2.00 40.00 42.00 OK
r-patched-linux-x86_64 0.2.5 1.63 18.47 20.10 OK
r-release-linux-x86_64 0.2.5 1.54 18.24 19.78 OK
r-release-macos-arm64 0.2.5 19.00 OK
r-release-macos-x86_64 0.2.5 29.00 OK
r-release-windows-x86_64 0.2.5 5.00 40.00 45.00 OK
r-oldrel-macos-arm64 0.2.5 21.00 OK
r-oldrel-macos-x86_64 0.2.5 22.00 OK
r-oldrel-windows-x86_64 0.2.5 3.00 42.00 45.00 OK

Check Details

Version: 0.2.5
Check: dependencies in R code
Result: NOTE Namespace in Imports field not imported from: ‘pls’ All declared Imports should be used. Flavors: r-devel-linux-x86_64-fedora-clang, r-devel-linux-x86_64-fedora-gcc