Last updated on 2025-05-08 09:53:52 CEST.
Flavor | Version | Tinstall | Tcheck | Ttotal | Status | Flags |
---|---|---|---|---|---|---|
r-devel-linux-x86_64-debian-clang | 1.4.13 | 43.92 | 103.56 | 147.48 | NOTE | |
r-devel-linux-x86_64-debian-gcc | 1.4.13 | 32.74 | 75.43 | 108.17 | NOTE | |
r-devel-linux-x86_64-fedora-clang | 1.4.13 | 262.22 | OK | |||
r-devel-linux-x86_64-fedora-gcc | 1.4.13 | 268.27 | OK | |||
r-devel-windows-x86_64 | 1.4.13 | 52.00 | 145.00 | 197.00 | NOTE | |
r-patched-linux-x86_64 | 1.4.13 | 45.59 | 99.87 | 145.46 | NOTE | |
r-release-linux-x86_64 | 1.4.13 | 42.63 | 97.52 | 140.15 | NOTE | |
r-release-macos-arm64 | 1.4.13 | 83.00 | OK | |||
r-release-macos-x86_64 | 1.4.13 | 130.00 | OK | |||
r-release-windows-x86_64 | 1.4.13 | 51.00 | 150.00 | 201.00 | NOTE | |
r-oldrel-macos-arm64 | 1.4.13 | 78.00 | OK | |||
r-oldrel-macos-x86_64 | 1.4.13 | 152.00 | OK | |||
r-oldrel-windows-x86_64 | 1.4.13 | 62.00 | 177.00 | 239.00 | OK |
Version: 1.4.13
Check: CRAN incoming feasibility
Result: NOTE
Maintainer: ‘Ulrich Bodenhofer <ulrich@bodenhofer.com>’
No Authors@R field in DESCRIPTION.
Please add one, modifying
Authors@R: c(person(given = "Ulrich",
family = "Bodenhofer",
role = c("aut", "cre"),
email = "ulrich@bodenhofer.com"),
person(given = "Johannes",
family = "Palme",
role = "ctb"),
person(given = "Chrats",
family = "Melkonian",
role = "ctb"),
person(given = "Andreas",
family = "Kothmeier",
role = "aut"),
person(given = "Nikola",
family = "Kostic",
role = "ctb"))
as necessary.
Flavors: r-devel-linux-x86_64-debian-clang, r-devel-linux-x86_64-debian-gcc
Version: 1.4.13
Check: Rd cross-references
Result: NOTE
Found the following Rd file(s) with Rd \link{} targets missing package
anchors:
apcluster-methods.Rd: dgTMatrix-class, Matrix-class
conversions.Rd: dgTMatrix-class, sparseMatrix-class, Matrix-class
Please provide package anchors for all Rd \link{} targets not in the
package itself and the base packages.
Flavors: r-devel-linux-x86_64-debian-clang, r-devel-linux-x86_64-debian-gcc, r-devel-windows-x86_64, r-patched-linux-x86_64, r-release-linux-x86_64, r-release-windows-x86_64