Last updated on 2025-07-12 09:49:12 CEST.
Flavor | Version | Tinstall | Tcheck | Ttotal | Status | Flags |
---|---|---|---|---|---|---|
r-devel-linux-x86_64-debian-clang | 1.0.7.2 | 3.66 | 40.29 | 43.95 | OK | |
r-devel-linux-x86_64-debian-gcc | 1.0.7.2 | 3.01 | 29.72 | 32.73 | OK | |
r-devel-linux-x86_64-fedora-clang | 1.0.7.2 | 67.88 | OK | |||
r-devel-linux-x86_64-fedora-gcc | 1.0.7.2 | 64.88 | OK | |||
r-devel-windows-x86_64 | 1.0.7.2 | 7.00 | 74.00 | 81.00 | OK | |
r-patched-linux-x86_64 | 1.0.7.2 | 5.34 | 38.18 | 43.52 | OK | |
r-release-linux-x86_64 | 1.0.7.2 | 3.84 | 37.50 | 41.34 | OK | |
r-release-macos-arm64 | 1.0.7.2 | 30.00 | OK | |||
r-release-macos-x86_64 | 1.0.7.2 | 54.00 | OK | |||
r-release-windows-x86_64 | 1.0.7.2 | 6.00 | 74.00 | 80.00 | OK | |
r-oldrel-macos-arm64 | 1.0.7.2 | 25.00 | OK | |||
r-oldrel-macos-x86_64 | 1.0.7.2 | 34.00 | NOTE | |||
r-oldrel-windows-x86_64 | 1.0.7.2 | 8.00 | 84.00 | 92.00 | OK |
Version: 1.0.7.2
Check: package dependencies
Result: NOTE
Package suggested but not available for checking: ‘arrow’
Flavor: r-oldrel-macos-x86_64