Last updated on 2025-02-19 09:50:42 CET.
Flavor | Version | Tinstall | Tcheck | Ttotal | Status | Flags |
---|---|---|---|---|---|---|
r-devel-linux-x86_64-debian-clang | 4.2 | 14.60 | 136.87 | 151.47 | OK | |
r-devel-linux-x86_64-debian-gcc | 4.2 | 10.90 | 94.22 | 105.12 | OK | |
r-devel-linux-x86_64-fedora-clang | 4.2 | 241.84 | OK | |||
r-devel-linux-x86_64-fedora-gcc | 4.2 | 238.65 | OK | |||
r-devel-macos-arm64 | 4.2 | 60.00 | OK | |||
r-devel-macos-x86_64 | 4.2 | 141.00 | OK | |||
r-devel-windows-x86_64 | 4.2 | 15.00 | 158.00 | 173.00 | OK | |
r-patched-linux-x86_64 | 4.2 | 14.48 | 128.93 | 143.41 | OK | |
r-release-linux-x86_64 | 4.2 | 14.40 | 127.44 | 141.84 | OK | |
r-release-macos-arm64 | 4.2 | 61.00 | OK | |||
r-release-macos-x86_64 | 4.2 | 177.00 | OK | |||
r-release-windows-x86_64 | 4.2 | 16.00 | 3.00 | 19.00 | FAIL | |
r-oldrel-macos-arm64 | 4.2 | 66.00 | OK | |||
r-oldrel-macos-x86_64 | 4.2 | 141.00 | OK | |||
r-oldrel-windows-x86_64 | 4.2 | 21.00 | 173.00 | 194.00 | OK |
Version: 4.2
Check: package dependencies
Result: FAIL
Flavor: r-release-windows-x86_64