Last updated on 2025-05-08 09:53:52 CEST.
Flavor | Version | Tinstall | Tcheck | Ttotal | Status | Flags |
---|---|---|---|---|---|---|
r-devel-linux-x86_64-debian-clang | 0.9.9 | 3.54 | 41.74 | 45.28 | NOTE | |
r-devel-linux-x86_64-debian-gcc | 0.9.9 | 3.02 | 31.27 | 34.29 | NOTE | |
r-devel-linux-x86_64-fedora-clang | 0.9.9 | 72.59 | OK | |||
r-devel-linux-x86_64-fedora-gcc | 0.9.9 | 84.59 | OK | |||
r-devel-windows-x86_64 | 0.9.9 | 5.00 | 74.00 | 79.00 | OK | |
r-patched-linux-x86_64 | 0.9.9 | 3.94 | 39.45 | 43.39 | OK | |
r-release-linux-x86_64 | 0.9.9 | 4.17 | 39.86 | 44.03 | OK | |
r-release-macos-arm64 | 0.9.9 | 34.00 | OK | |||
r-release-macos-x86_64 | 0.9.9 | 96.00 | OK | |||
r-release-windows-x86_64 | 0.9.9 | 5.00 | 76.00 | 81.00 | OK | |
r-oldrel-macos-arm64 | 0.9.9 | 36.00 | OK | |||
r-oldrel-macos-x86_64 | 0.9.9 | 75.00 | OK | |||
r-oldrel-windows-x86_64 | 0.9.9 | 7.00 | 78.00 | 85.00 | OK |
Version: 0.9.9
Check: CRAN incoming feasibility
Result: NOTE
Maintainer: ‘Nathan Medina-Rodriguez <nathan.medina@ulpgc.es>’
No Authors@R field in DESCRIPTION.
Please add one, modifying
Authors@R: c(person(given = "Nathan",
family = "Medina-Rodriguez",
role = c("aut", "cre"),
email = "nathan.medina@ulpgc.es"),
person(given = "Angelo",
family = "Santana",
role = "aut"))
as necessary.
Flavors: r-devel-linux-x86_64-debian-clang, r-devel-linux-x86_64-debian-gcc