CRAN Package Check Results for Package algorithmia

Last updated on 2025-02-16 09:50:33 CET.

Flavor Version Tinstall Tcheck Ttotal Status Flags
r-devel-linux-x86_64-debian-clang 0.3.0 3.59 24.22 27.81 OK
r-devel-linux-x86_64-debian-gcc 0.3.0 2.53 19.40 21.93 OK
r-devel-linux-x86_64-fedora-clang 0.3.0 46.54 OK
r-devel-linux-x86_64-fedora-gcc 0.3.0 56.53 OK
r-devel-macos-arm64 0.3.0 24.00 OK
r-devel-macos-x86_64 0.3.0 48.00 OK
r-devel-windows-x86_64 0.3.0 5.00 46.00 51.00 OK
r-patched-linux-x86_64 0.3.0 3.41 23.12 26.53 NOTE
r-release-linux-x86_64 0.3.0 2.58 23.16 25.74 NOTE
r-release-macos-arm64 0.3.0 21.00 NOTE
r-release-macos-x86_64 0.3.0 32.00 NOTE
r-release-windows-x86_64 0.3.0 5.00 47.00 52.00 NOTE
r-oldrel-macos-arm64 0.3.0 25.00 NOTE
r-oldrel-macos-x86_64 0.3.0 41.00 NOTE
r-oldrel-windows-x86_64 0.3.0 6.00 47.00 53.00 NOTE

Check Details

Version: 0.3.0
Check: LazyData
Result: NOTE 'LazyData' is specified without a 'data' directory Flavors: r-patched-linux-x86_64, r-release-linux-x86_64, r-release-macos-arm64, r-release-macos-x86_64, r-release-windows-x86_64, r-oldrel-macos-arm64, r-oldrel-macos-x86_64, r-oldrel-windows-x86_64