CRAN Package Check Results for Package alarmdata

Last updated on 2025-04-15 09:52:13 CEST.

Flavor Version Tinstall Tcheck Ttotal Status Flags
r-devel-linux-x86_64-debian-clang 0.2.1 4.85 64.77 69.62 NOTE
r-devel-linux-x86_64-debian-gcc 0.2.1 3.24 46.22 49.46 NOTE
r-devel-linux-x86_64-fedora-clang 0.2.1 106.43 NOTE
r-devel-linux-x86_64-fedora-gcc 0.2.1 102.02 NOTE
r-devel-windows-x86_64 0.2.1 7.00 76.00 83.00 NOTE
r-patched-linux-x86_64 0.2.1 4.74 60.88 65.62 NOTE
r-release-linux-x86_64 0.2.1 4.23 60.86 65.09 NOTE
r-release-macos-arm64 0.2.1 32.00 NOTE
r-release-macos-x86_64 0.2.1 58.00 NOTE
r-release-windows-x86_64 0.2.1 6.00 74.00 80.00 NOTE
r-oldrel-macos-arm64 0.2.1 33.00 OK
r-oldrel-macos-x86_64 0.2.1 49.00 OK
r-oldrel-windows-x86_64 0.2.1 8.00 88.00 96.00 OK

Check Details

Version: 0.2.1
Check: DESCRIPTION meta-information
Result: NOTE Missing dependency on R >= 4.1.0 because package code uses the pipe |> or function shorthand \(...) syntax added in R 4.1.0. File(s) using such syntax: ‘calc_plan_stats.R’ Flavors: r-devel-linux-x86_64-debian-clang, r-devel-linux-x86_64-debian-gcc, r-devel-linux-x86_64-fedora-clang, r-devel-linux-x86_64-fedora-gcc, r-devel-windows-x86_64, r-patched-linux-x86_64, r-release-linux-x86_64, r-release-macos-arm64, r-release-macos-x86_64, r-release-windows-x86_64