Last updated on 2025-02-18 09:50:32 CET.
Flavor | Version | Tinstall | Tcheck | Ttotal | Status | Flags |
---|---|---|---|---|---|---|
r-devel-linux-x86_64-debian-clang | 1.5-10 | 21.08 | 100.48 | 121.56 | NOTE | |
r-devel-linux-x86_64-debian-gcc | 1.5-10 | 16.46 | 70.22 | 86.68 | NOTE | |
r-devel-linux-x86_64-fedora-clang | 1.5-10 | 207.95 | OK | |||
r-devel-linux-x86_64-fedora-gcc | 1.5-10 | 193.48 | OK | |||
r-devel-macos-arm64 | 1.5-10 | 56.00 | OK | |||
r-devel-macos-x86_64 | 1.5-10 | 131.00 | OK | |||
r-devel-windows-x86_64 | 1.5-10 | 26.00 | 110.00 | 136.00 | NOTE | |
r-patched-linux-x86_64 | 1.5-10 | 25.53 | 92.72 | 118.25 | OK | |
r-release-linux-x86_64 | 1.5-10 | 21.67 | 92.86 | 114.53 | OK | |
r-release-macos-arm64 | 1.5-10 | 53.00 | OK | |||
r-release-macos-x86_64 | 1.5-10 | 94.00 | OK | |||
r-release-windows-x86_64 | 1.5-10 | 29.00 | 109.00 | 138.00 | OK | |
r-oldrel-macos-arm64 | 1.5-10 | 62.00 | OK | |||
r-oldrel-macos-x86_64 | 1.5-10 | 139.00 | OK | |||
r-oldrel-windows-x86_64 | 1.5-10 | 31.00 | 135.00 | 166.00 | OK |
Version: 1.5-10
Check: Rd cross-references
Result: NOTE
Found the following Rd file(s) with Rd \link{} targets missing package
anchors:
kdfun.Rd: divc
krfun.Rd: divc
Please provide package anchors for all Rd \link{} targets not in the
package itself and the base packages.
Flavors: r-devel-linux-x86_64-debian-clang, r-devel-linux-x86_64-debian-gcc, r-devel-windows-x86_64