Last updated on 2025-02-19 09:50:41 CET.
Flavor | Version | Tinstall | Tcheck | Ttotal | Status | Flags |
---|---|---|---|---|---|---|
r-devel-linux-x86_64-debian-clang | 1.0.0 | 28.64 | 223.47 | 252.11 | OK | |
r-devel-linux-x86_64-debian-gcc | 1.0.0 | 16.92 | 140.22 | 157.14 | OK | |
r-devel-linux-x86_64-fedora-clang | 1.0.0 | 392.35 | OK | |||
r-devel-linux-x86_64-fedora-gcc | 1.0.0 | 397.53 | OK | |||
r-devel-macos-arm64 | 1.0.0 | 81.00 | OK | |||
r-devel-macos-x86_64 | 1.0.0 | 285.00 | OK | |||
r-devel-windows-x86_64 | 1.0.0 | 24.00 | 168.00 | 192.00 | OK | |
r-patched-linux-x86_64 | 1.0.0 | 26.70 | 207.89 | 234.59 | OK | |
r-release-linux-x86_64 | 1.0.0 | 24.35 | 204.74 | 229.09 | OK | |
r-release-macos-arm64 | 1.0.0 | 79.00 | OK | |||
r-release-macos-x86_64 | 1.0.0 | 221.00 | OK | |||
r-release-windows-x86_64 | 1.0.0 | 23.00 | 3.00 | 26.00 | FAIL | |
r-oldrel-macos-arm64 | 1.0.0 | 86.00 | OK | |||
r-oldrel-macos-x86_64 | 1.0.0 | 159.00 | OK | |||
r-oldrel-windows-x86_64 | 1.0.0 | 33.00 | 225.00 | 258.00 | OK |
Version: 1.0.0
Check: package dependencies
Result: FAIL
Flavor: r-release-windows-x86_64