CRAN Package Check Results for Package ZIPG

Last updated on 2025-02-19 09:51:08 CET.

Flavor Version Tinstall Tcheck Ttotal Status Flags
r-devel-linux-x86_64-debian-clang 1.1 3.09 24.51 27.60 OK
r-devel-linux-x86_64-debian-gcc 1.1 2.16 18.69 20.85 OK
r-devel-linux-x86_64-fedora-clang 1.1 43.87 NOTE
r-devel-linux-x86_64-fedora-gcc 1.1 41.57 NOTE
r-devel-macos-arm64 1.1 18.00 OK
r-devel-macos-x86_64 1.1 30.00 OK
r-devel-windows-x86_64 1.1 4.00 46.00 50.00 OK
r-patched-linux-x86_64 1.1 3.11 23.11 26.22 OK
r-release-linux-x86_64 1.1 3.19 23.28 26.47 OK
r-release-macos-arm64 1.1 17.00 OK
r-release-macos-x86_64 1.1 25.00 OK
r-release-windows-x86_64 1.1 4.00 46.00 50.00 OK
r-oldrel-macos-arm64 1.1 27.00 OK
r-oldrel-macos-x86_64 1.1 37.00 OK
r-oldrel-windows-x86_64 1.1 5.00 51.00 56.00 OK

Check Details

Version: 1.1
Check: dependencies in R code
Result: NOTE Namespace in Imports field not imported from: ‘MASS’ All declared Imports should be used. Flavors: r-devel-linux-x86_64-fedora-clang, r-devel-linux-x86_64-fedora-gcc