CRAN Package Check Results for Package YaleToolkit

Last updated on 2025-02-19 09:51:08 CET.

Flavor Version Tinstall Tcheck Ttotal Status Flags
r-devel-linux-x86_64-debian-clang 4.2.3 2.46 23.67 26.13 OK
r-devel-linux-x86_64-debian-gcc 4.2.3 1.74 18.51 20.25 OK
r-devel-linux-x86_64-fedora-clang 4.2.3 41.12 OK
r-devel-linux-x86_64-fedora-gcc 4.2.3 38.80 OK
r-devel-macos-arm64 4.2.3 19.00 OK
r-devel-macos-x86_64 4.2.3 28.00 OK
r-devel-windows-x86_64 4.2.3 3.00 48.00 51.00 OK
r-patched-linux-x86_64 4.2.3 2.28 22.54 24.82 OK
r-release-linux-x86_64 4.2.3 2.34 22.33 24.67 OK
r-release-macos-arm64 4.2.3 18.00 OK
r-release-macos-x86_64 4.2.3 25.00 OK
r-release-windows-x86_64 4.2.3 3.00 3.00 6.00 FAIL
r-oldrel-macos-arm64 4.2.3 18.00 OK
r-oldrel-macos-x86_64 4.2.3 25.00 OK
r-oldrel-windows-x86_64 4.2.3 4.00 46.00 50.00 OK

Check Details

Version: 4.2.3
Check: package dependencies
Result: FAIL
Flavor: r-release-windows-x86_64