Last updated on 2025-02-19 09:51:07 CET.
Flavor | Version | Tinstall | Tcheck | Ttotal | Status | Flags |
---|---|---|---|---|---|---|
r-devel-linux-x86_64-debian-clang | 1.1.0 | 6.31 | 46.08 | 52.39 | OK | |
r-devel-linux-x86_64-debian-gcc | 1.1.0 | 4.24 | 32.95 | 37.19 | OK | |
r-devel-linux-x86_64-fedora-clang | 1.1.0 | 79.28 | OK | |||
r-devel-linux-x86_64-fedora-gcc | 1.1.0 | 77.73 | OK | |||
r-devel-macos-arm64 | 1.1.0 | 27.00 | OK | |||
r-devel-macos-x86_64 | 1.1.0 | 45.00 | OK | |||
r-devel-windows-x86_64 | 1.1.0 | 8.00 | 65.00 | 73.00 | OK | |
r-patched-linux-x86_64 | 1.1.0 | 5.79 | 41.83 | 47.62 | OK | |
r-release-linux-x86_64 | 1.1.0 | 5.39 | 41.92 | 47.31 | OK | |
r-release-macos-arm64 | 1.1.0 | 26.00 | OK | |||
r-release-macos-x86_64 | 1.1.0 | 39.00 | OK | |||
r-release-windows-x86_64 | 1.1.0 | 8.00 | 3.00 | 11.00 | FAIL | |
r-oldrel-macos-arm64 | 1.1.0 | 27.00 | OK | |||
r-oldrel-macos-x86_64 | 1.1.0 | 43.00 | OK | |||
r-oldrel-windows-x86_64 | 1.1.0 | 9.00 | 80.00 | 89.00 | OK |
Version: 1.1.0
Check: package dependencies
Result: FAIL
Flavor: r-release-windows-x86_64