CRAN Package Check Results for Package WoodburyMatrix

Last updated on 2025-07-13 09:49:58 CEST.

Flavor Version Tinstall Tcheck Ttotal Status Flags
r-devel-linux-x86_64-debian-clang 0.0.3 9.14 66.57 75.71 NOTE
r-devel-linux-x86_64-debian-gcc 0.0.3 6.01 52.28 58.29 NOTE
r-devel-linux-x86_64-fedora-clang 0.0.3 120.67 OK
r-devel-linux-x86_64-fedora-gcc 0.0.3 126.02 OK
r-devel-windows-x86_64 0.0.3 9.00 78.00 87.00 NOTE
r-patched-linux-x86_64 0.0.3 8.81 64.22 73.03 NOTE
r-release-linux-x86_64 0.0.3 7.89 65.05 72.94 NOTE
r-release-macos-arm64 0.0.3 43.00 OK
r-release-macos-x86_64 0.0.3 85.00 OK
r-release-windows-x86_64 0.0.3 9.00 81.00 90.00 NOTE
r-oldrel-macos-arm64 0.0.3 39.00 OK
r-oldrel-macos-x86_64 0.0.3 62.00 OK
r-oldrel-windows-x86_64 0.0.3 12.00 99.00 111.00 OK

Check Details

Version: 0.0.3
Check: Rd cross-references
Result: NOTE Found the following Rd file(s) with Rd \link{} targets missing package anchors: WoodburyMatrix-class.Rd: Matrix-class, symmetricMatrix-class solve-methods.Rd: Matrix-class Please provide package anchors for all Rd \link{} targets not in the package itself and the base packages. Flavors: r-devel-linux-x86_64-debian-clang, r-devel-linux-x86_64-debian-gcc, r-devel-windows-x86_64, r-patched-linux-x86_64, r-release-linux-x86_64, r-release-windows-x86_64