Last updated on 2025-02-16 09:50:56 CET.
Flavor | Version | Tinstall | Tcheck | Ttotal | Status | Flags |
---|---|---|---|---|---|---|
r-devel-linux-x86_64-debian-clang | 1.0.3 | 6.89 | 73.27 | 80.16 | NOTE | |
r-devel-linux-x86_64-debian-gcc | 1.0.3 | 4.91 | 53.35 | 58.26 | NOTE | |
r-devel-linux-x86_64-fedora-clang | 1.0.3 | 129.81 | OK | |||
r-devel-linux-x86_64-fedora-gcc | 1.0.3 | 118.97 | OK | |||
r-devel-macos-arm64 | 1.0.3 | 40.00 | OK | |||
r-devel-macos-x86_64 | 1.0.3 | 79.00 | OK | |||
r-devel-windows-x86_64 | 1.0.3 | 8.00 | 90.00 | 98.00 | NOTE | |
r-patched-linux-x86_64 | 1.0.3 | 6.05 | 67.89 | 73.94 | OK | |
r-release-linux-x86_64 | 1.0.3 | 7.17 | 68.31 | 75.48 | OK | |
r-release-macos-arm64 | 1.0.3 | 37.00 | OK | |||
r-release-macos-x86_64 | 1.0.3 | 64.00 | OK | |||
r-release-windows-x86_64 | 1.0.3 | 8.00 | 99.00 | 107.00 | OK | |
r-oldrel-macos-arm64 | 1.0.3 | 44.00 | OK | |||
r-oldrel-macos-x86_64 | 1.0.3 | 79.00 | OK | |||
r-oldrel-windows-x86_64 | 1.0.3 | 10.00 | 95.00 | 105.00 | OK |
Version: 1.0.3
Check: Rd cross-references
Result: NOTE
Found the following Rd file(s) with Rd \link{} targets missing package
anchors:
WCE.Rd: coxph.control
Please provide package anchors for all Rd \link{} targets not in the
package itself and the base packages.
Flavors: r-devel-linux-x86_64-debian-clang, r-devel-linux-x86_64-debian-gcc, r-devel-windows-x86_64