CRAN Package Check Results for Package VertexSimilarity

Last updated on 2025-02-19 09:51:07 CET.

Flavor Version Tinstall Tcheck Ttotal Status Flags
r-devel-linux-x86_64-debian-clang 0.1 1.49 16.17 17.66 OK
r-devel-linux-x86_64-debian-gcc 0.1 1.29 13.34 14.63 OK
r-devel-linux-x86_64-fedora-clang 0.1 28.11 OK
r-devel-linux-x86_64-fedora-gcc 0.1 27.49 OK
r-devel-macos-arm64 0.1 15.00 OK
r-devel-macos-x86_64 0.1 23.00 OK
r-devel-windows-x86_64 0.1 3.00 38.00 41.00 OK
r-patched-linux-x86_64 0.1 1.54 15.57 17.11 NOTE
r-release-linux-x86_64 0.1 1.53 15.54 17.07 NOTE
r-release-macos-arm64 0.1 15.00 NOTE
r-release-macos-x86_64 0.1 20.00 NOTE
r-release-windows-x86_64 0.1 3.00 3.00 6.00 FAIL
r-oldrel-macos-arm64 0.1 16.00 NOTE
r-oldrel-macos-x86_64 0.1 17.00 NOTE
r-oldrel-windows-x86_64 0.1 3.00 84.00 87.00 NOTE

Check Details

Version: 0.1
Check: LazyData
Result: NOTE 'LazyData' is specified without a 'data' directory Flavors: r-patched-linux-x86_64, r-release-linux-x86_64, r-release-macos-arm64, r-release-macos-x86_64, r-oldrel-macos-arm64, r-oldrel-macos-x86_64, r-oldrel-windows-x86_64

Version: 0.1
Check: package dependencies
Result: FAIL
Flavor: r-release-windows-x86_64