CRAN Package Check Results for Package VUROCS

Last updated on 2025-04-15 09:52:36 CEST.

Flavor Version Tinstall Tcheck Ttotal Status Flags
r-devel-linux-x86_64-debian-clang 1.0 55.00 26.74 81.74 NOTE
r-devel-linux-x86_64-debian-gcc 1.0 34.85 20.23 55.08 NOTE
r-devel-linux-x86_64-fedora-clang 1.0 172.66 NOTE
r-devel-linux-x86_64-fedora-gcc 1.0 148.21 NOTE
r-devel-windows-x86_64 1.0 63.00 61.00 124.00 NOTE
r-patched-linux-x86_64 1.0 50.65 25.64 76.29 NOTE
r-release-linux-x86_64 1.0 53.81 25.25 79.06 NOTE
r-release-macos-arm64 1.0 43.00 NOTE
r-release-macos-x86_64 1.0 53.00 NOTE
r-release-windows-x86_64 1.0 66.00 63.00 129.00 NOTE
r-oldrel-macos-arm64 1.0 37.00 NOTE
r-oldrel-macos-x86_64 1.0 41.00 NOTE
r-oldrel-windows-x86_64 1.0 75.00 74.00 149.00 NOTE

Check Details

Version: 1.0
Check: C++ specification
Result: NOTE Specified C++11: please drop specification unless essential Flavors: r-devel-linux-x86_64-debian-clang, r-devel-linux-x86_64-debian-gcc, r-devel-linux-x86_64-fedora-clang, r-devel-linux-x86_64-fedora-gcc, r-devel-windows-x86_64, r-patched-linux-x86_64, r-release-linux-x86_64, r-release-macos-arm64, r-release-macos-x86_64, r-release-windows-x86_64, r-oldrel-macos-arm64, r-oldrel-macos-x86_64, r-oldrel-windows-x86_64