Last updated on 2025-02-16 09:50:55 CET.
Flavor | Version | Tinstall | Tcheck | Ttotal | Status | Flags |
---|---|---|---|---|---|---|
r-devel-linux-x86_64-debian-clang | 1.5.1 | 14.35 | 305.71 | 320.06 | NOTE | |
r-devel-linux-x86_64-debian-gcc | 1.5.1 | 11.37 | 250.18 | 261.55 | NOTE | |
r-devel-linux-x86_64-fedora-clang | 1.5.1 | 284.46 | OK | |||
r-devel-linux-x86_64-fedora-gcc | 1.5.1 | 485.11 | OK | |||
r-devel-macos-arm64 | 1.5.1 | 167.00 | OK | |||
r-devel-macos-x86_64 | 1.5.1 | 304.00 | OK | |||
r-devel-windows-x86_64 | 1.5.1 | 20.00 | 304.00 | 324.00 | NOTE | |
r-patched-linux-x86_64 | 1.5.1 | 21.13 | 294.95 | 316.08 | OK | |
r-release-linux-x86_64 | 1.5.1 | 15.04 | 292.91 | 307.95 | OK | |
r-release-macos-arm64 | 1.5.1 | 157.00 | OK | |||
r-release-macos-x86_64 | 1.5.1 | 238.00 | OK | |||
r-release-windows-x86_64 | 1.5.1 | 21.00 | 304.00 | 325.00 | OK | |
r-oldrel-macos-arm64 | 1.5.1 | 163.00 | OK | |||
r-oldrel-macos-x86_64 | 1.5.1 | 356.00 | OK | |||
r-oldrel-windows-x86_64 | 1.5.1 | 25.00 | 378.00 | 403.00 | OK |
Version: 1.5.1
Check: Rd cross-references
Result: NOTE
Found the following Rd file(s) with Rd \link{} targets missing package
anchors:
lmerMatrices.Rd: lmer
lmerSummary.Rd: lmer
remlMM.Rd: lmer
remlVCA.Rd: lmer
Please provide package anchors for all Rd \link{} targets not in the
package itself and the base packages.
Flavors: r-devel-linux-x86_64-debian-clang, r-devel-linux-x86_64-debian-gcc, r-devel-windows-x86_64