CRAN Package Check Results for Package VCA

Last updated on 2025-05-08 09:54:17 CEST.

Flavor Version Tinstall Tcheck Ttotal Status Flags
r-devel-linux-x86_64-debian-clang 1.5.1 17.15 306.33 323.48 NOTE
r-devel-linux-x86_64-debian-gcc 1.5.1 10.97 254.01 264.98 NOTE
r-devel-linux-x86_64-fedora-clang 1.5.1 509.93 OK
r-devel-linux-x86_64-fedora-gcc 1.5.1 503.63 OK
r-devel-windows-x86_64 1.5.1 20.00 313.00 333.00 NOTE
r-patched-linux-x86_64 1.5.1 15.83 301.02 316.85 NOTE
r-release-linux-x86_64 1.5.1 14.88 297.84 312.72 NOTE
r-release-macos-arm64 1.5.1 169.00 OK
r-release-macos-x86_64 1.5.1 334.00 OK
r-release-windows-x86_64 1.5.1 21.00 318.00 339.00 NOTE
r-oldrel-macos-arm64 1.5.1 157.00 OK
r-oldrel-macos-x86_64 1.5.1 238.00 OK
r-oldrel-windows-x86_64 1.5.1 26.00 401.00 427.00 OK

Check Details

Version: 1.5.1
Check: CRAN incoming feasibility
Result: NOTE Maintainer: ‘Andre Schuetzenmeister <andre.schuetzenmeister@roche.com>’ No Authors@R field in DESCRIPTION. Please add one, modifying Authors@R: c(person(given = "Andre", family = "Schuetzenmeister", role = c("aut", "cre"), email = "andre.schuetzenmeister@roche.com"), person(given = "Florian", family = "Dufey", role = "aut")) as necessary. Flavors: r-devel-linux-x86_64-debian-clang, r-devel-linux-x86_64-debian-gcc

Version: 1.5.1
Check: Rd cross-references
Result: NOTE Found the following Rd file(s) with Rd \link{} targets missing package anchors: lmerMatrices.Rd: lmer lmerSummary.Rd: lmer remlMM.Rd: lmer remlVCA.Rd: lmer Please provide package anchors for all Rd \link{} targets not in the package itself and the base packages. Flavors: r-devel-linux-x86_64-debian-clang, r-devel-linux-x86_64-debian-gcc, r-devel-windows-x86_64, r-patched-linux-x86_64, r-release-linux-x86_64, r-release-windows-x86_64