CRAN Package Check Results for Package Thermimage

Last updated on 2025-07-13 09:49:56 CEST.

Flavor Version Tinstall Tcheck Ttotal Status Flags
r-devel-linux-x86_64-debian-clang 4.1.3 4.07 55.40 59.47 NOTE
r-devel-linux-x86_64-debian-gcc 4.1.3 2.61 39.44 42.05 NOTE
r-devel-linux-x86_64-fedora-clang 4.1.3 89.31 OK
r-devel-linux-x86_64-fedora-gcc 4.1.3 95.45 OK
r-devel-windows-x86_64 4.1.3 5.00 102.00 107.00 OK
r-patched-linux-x86_64 4.1.3 5.10 52.55 57.65 OK
r-release-linux-x86_64 4.1.3 4.11 53.75 57.86 OK
r-release-macos-arm64 4.1.3 34.00 OK
r-release-macos-x86_64 4.1.3 64.00 OK
r-release-windows-x86_64 4.1.3 7.00 114.00 121.00 OK
r-oldrel-macos-arm64 4.1.3 31.00 OK
r-oldrel-macos-x86_64 4.1.3 48.00 OK
r-oldrel-windows-x86_64 4.1.3 6.00 121.00 127.00 OK

Check Details

Version: 4.1.3
Check: CRAN incoming feasibility
Result: NOTE Maintainer: ‘Glenn J. Tattersall <gtatters@brocku.ca>’ No Authors@R field in DESCRIPTION. Please add one, modifying Authors@R: person(given = c("Glenn", "J."), family = "Tattersall", role = c("aut", "cre"), email = "gtatters@brocku.ca") as necessary. Flavors: r-devel-linux-x86_64-debian-clang, r-devel-linux-x86_64-debian-gcc