Last updated on 2025-05-11 09:50:27 CEST.
Flavor | Version | Tinstall | Tcheck | Ttotal | Status | Flags |
---|---|---|---|---|---|---|
r-devel-linux-x86_64-debian-clang | 1.2.7 | 18.27 | 46.77 | 65.04 | NOTE | |
r-devel-linux-x86_64-debian-gcc | 1.2.7 | 14.27 | 35.41 | 49.68 | NOTE | |
r-devel-linux-x86_64-fedora-clang | 1.2.7 | 100.88 | OK | |||
r-devel-linux-x86_64-fedora-gcc | 1.2.7 | 125.28 | OK | |||
r-devel-windows-x86_64 | 1.2.7 | 24.00 | 92.00 | 116.00 | OK | |
r-patched-linux-x86_64 | 1.2.7 | 21.66 | 43.63 | 65.29 | OK | |
r-release-linux-x86_64 | 1.2.7 | 19.24 | 43.76 | 63.00 | OK | |
r-release-macos-arm64 | 1.2.7 | 49.00 | OK | |||
r-release-macos-x86_64 | 1.2.7 | 75.00 | OK | |||
r-release-windows-x86_64 | 1.2.7 | 23.00 | 101.00 | 124.00 | OK | |
r-oldrel-macos-arm64 | 1.2.7 | 39.00 | OK | |||
r-oldrel-macos-x86_64 | 1.2.7 | 56.00 | OK | |||
r-oldrel-windows-x86_64 | 1.2.7 | 28.00 | 107.00 | 135.00 | OK |
Version: 1.2.7
Check: CRAN incoming feasibility
Result: NOTE
Maintainer: ‘Alejandro Gonzalez Recuenco <alejandrogonzalezrecuenco@gmail.com>’
No Authors@R field in DESCRIPTION.
Please add one, modifying
Authors@R: person(given = c("Alejandro", "Gonzalez"),
family = "Recuenco",
role = c("aut", "cre"),
email = "alejandrogonzalezrecuenco@gmail.com")
as necessary.
Flavors: r-devel-linux-x86_64-debian-clang, r-devel-linux-x86_64-debian-gcc