Last updated on 2025-05-08 09:54:17 CEST.
Flavor | Version | Tinstall | Tcheck | Ttotal | Status | Flags |
---|---|---|---|---|---|---|
r-devel-linux-x86_64-debian-clang | 2.0.0 | 6.94 | 54.54 | 61.48 | NOTE | |
r-devel-linux-x86_64-debian-gcc | 2.0.0 | 5.46 | 41.94 | 47.40 | NOTE | |
r-devel-linux-x86_64-fedora-clang | 2.0.0 | 94.65 | NOTE | |||
r-devel-linux-x86_64-fedora-gcc | 2.0.0 | 91.74 | NOTE | |||
r-devel-windows-x86_64 | 2.0.0 | 7.00 | 69.00 | 76.00 | NOTE | |
r-patched-linux-x86_64 | 2.0.0 | 6.74 | 52.92 | 59.66 | NOTE | |
r-release-linux-x86_64 | 2.0.0 | 6.30 | 53.17 | 59.47 | NOTE | |
r-release-macos-arm64 | 2.0.0 | 31.00 | NOTE | |||
r-release-macos-x86_64 | 2.0.0 | 54.00 | NOTE | |||
r-release-windows-x86_64 | 2.0.0 | 7.00 | 67.00 | 74.00 | NOTE | |
r-oldrel-macos-arm64 | 2.0.0 | 29.00 | NOTE | |||
r-oldrel-macos-x86_64 | 2.0.0 | 43.00 | NOTE | |||
r-oldrel-windows-x86_64 | 2.0.0 | 10.00 | 151.00 | 161.00 | NOTE |
Version: 2.0.0
Check: CRAN incoming feasibility
Result: NOTE
Maintainer: ‘Luke Mosley <l.mosley@lancaster.ac.uk>’
The Description field contains
<arXiv:2108.05783> for disaggregating low-frequency series in the
Please refer to arXiv e-prints via their arXiv DOI <doi:10.48550/arXiv.YYMM.NNNNN>.
Flavors: r-devel-linux-x86_64-debian-clang, r-devel-linux-x86_64-debian-gcc
Version: 2.0.0
Check: Rd files
Result: NOTE
checkRd: (-1) TempDisaggDGP.Rd:79: Escaped LaTeX specials: \&
checkRd: (-1) disaggregate.Rd:56: Escaped LaTeX specials: \&
Flavors: r-devel-linux-x86_64-debian-clang, r-devel-linux-x86_64-debian-gcc, r-devel-linux-x86_64-fedora-clang, r-devel-linux-x86_64-fedora-gcc, r-devel-windows-x86_64, r-patched-linux-x86_64, r-release-linux-x86_64, r-release-macos-arm64, r-release-macos-x86_64, r-release-windows-x86_64, r-oldrel-macos-arm64, r-oldrel-macos-x86_64, r-oldrel-windows-x86_64