Last updated on 2025-02-19 09:51:06 CET.
Flavor | Version | Tinstall | Tcheck | Ttotal | Status | Flags |
---|---|---|---|---|---|---|
r-devel-linux-x86_64-debian-clang | 1.0.6 | 7.68 | 60.82 | 68.50 | OK | |
r-devel-linux-x86_64-debian-gcc | 1.0.6 | 5.55 | 45.92 | 51.47 | OK | |
r-devel-linux-x86_64-fedora-clang | 1.0.6 | 111.87 | OK | |||
r-devel-linux-x86_64-fedora-gcc | 1.0.6 | 103.12 | OK | |||
r-devel-macos-arm64 | 1.0.6 | 30.00 | OK | |||
r-devel-macos-x86_64 | 1.0.6 | 65.00 | OK | |||
r-devel-windows-x86_64 | 1.0.6 | 10.00 | 74.00 | 84.00 | OK | |
r-patched-linux-x86_64 | 1.0.6 | 7.25 | 57.30 | 64.55 | OK | |
r-release-linux-x86_64 | 1.0.6 | 7.20 | 57.45 | 64.65 | OK | |
r-release-macos-arm64 | 1.0.6 | 37.00 | OK | |||
r-release-macos-x86_64 | 1.0.6 | 72.00 | OK | |||
r-release-windows-x86_64 | 1.0.6 | 8.00 | 3.00 | 11.00 | FAIL | |
r-oldrel-macos-arm64 | 1.0.5 | 50.00 | OK | |||
r-oldrel-macos-x86_64 | 1.0.6 | 67.00 | OK | |||
r-oldrel-windows-x86_64 | 1.0.6 | 12.00 | 87.00 | 99.00 | OK |
Version: 1.0.6
Check: package dependencies
Result: FAIL
Flavor: r-release-windows-x86_64