Last updated on 2025-05-10 09:50:47 CEST.
Flavor | Version | Tinstall | Tcheck | Ttotal | Status | Flags |
---|---|---|---|---|---|---|
r-devel-linux-x86_64-debian-clang | 1.2.12 | 14.37 | 166.73 | 181.10 | NOTE | |
r-devel-linux-x86_64-debian-gcc | 1.2.12 | 12.27 | 115.28 | 127.55 | NOTE | |
r-devel-linux-x86_64-fedora-clang | 1.2.12 | 266.68 | OK | |||
r-devel-linux-x86_64-fedora-gcc | 1.2.12 | 271.47 | OK | |||
r-devel-windows-x86_64 | 1.2.12 | 28.00 | 309.00 | 337.00 | NOTE | |
r-patched-linux-x86_64 | 1.2.12 | 16.55 | 152.85 | 169.40 | NOTE | |
r-release-linux-x86_64 | 1.2.12 | 15.81 | 151.71 | 167.52 | NOTE | |
r-release-macos-arm64 | 1.2.12 | 95.00 | OK | |||
r-release-macos-x86_64 | 1.2.12 | 167.00 | OK | |||
r-release-windows-x86_64 | 1.2.12 | 28.00 | 268.00 | 296.00 | NOTE | |
r-oldrel-macos-arm64 | 1.2.12 | 85.00 | OK | |||
r-oldrel-macos-x86_64 | 1.2.12 | 205.00 | OK | |||
r-oldrel-windows-x86_64 | 1.2.12 | 29.00 | 188.00 | 217.00 | OK |
Version: 1.2.12
Check: Rd cross-references
Result: NOTE
Found the following Rd file(s) with Rd \link{} targets missing package
anchors:
heartTP.Rd: heart
Please provide package anchors for all Rd \link{} targets not in the
package itself and the base packages.
Flavors: r-devel-linux-x86_64-debian-clang, r-devel-linux-x86_64-debian-gcc, r-devel-windows-x86_64, r-patched-linux-x86_64, r-release-linux-x86_64, r-release-windows-x86_64