Last updated on 2025-05-08 09:54:17 CEST.
Flavor | Version | Tinstall | Tcheck | Ttotal | Status | Flags |
---|---|---|---|---|---|---|
r-devel-linux-x86_64-debian-clang | 3.1.0 | 14.91 | 111.20 | 126.11 | NOTE | |
r-devel-linux-x86_64-debian-gcc | 3.1.0 | 8.94 | 77.56 | 86.50 | NOTE | |
r-devel-linux-x86_64-fedora-clang | 3.1.0 | 212.53 | OK | |||
r-devel-linux-x86_64-fedora-gcc | 3.1.0 | 198.75 | OK | |||
r-devel-windows-x86_64 | 3.1.0 | 15.00 | 261.00 | 276.00 | OK | |
r-patched-linux-x86_64 | 3.1.0 | 14.81 | 105.05 | 119.86 | OK | |
r-release-linux-x86_64 | 3.1.0 | 12.80 | 105.51 | 118.31 | OK | |
r-release-macos-arm64 | 3.1.0 | 52.00 | OK | |||
r-release-macos-x86_64 | 3.1.0 | 97.00 | OK | |||
r-release-windows-x86_64 | 3.1.0 | 15.00 | 224.00 | 239.00 | OK | |
r-oldrel-macos-arm64 | 3.1.0 | 50.00 | OK | |||
r-oldrel-macos-x86_64 | 3.1.0 | 81.00 | OK | |||
r-oldrel-windows-x86_64 | 3.1.0 | 21.00 | 143.00 | 164.00 | OK |
Version: 3.1.0
Check: CRAN incoming feasibility
Result: NOTE
Maintainer: ‘Wei Jiang <jiangwei@hrbmu.edu.cn>’
No Authors@R field in DESCRIPTION.
Please add one, modifying
Authors@R: person(given = "Wei",
family = "Jiang",
role = c("aut", "cre"),
email = "jiangwei@hrbmu.edu.cn")
as necessary.
Flavors: r-devel-linux-x86_64-debian-clang, r-devel-linux-x86_64-debian-gcc