Last updated on 2025-05-09 09:52:01 CEST.
Flavor | Version | Tinstall | Tcheck | Ttotal | Status | Flags |
---|---|---|---|---|---|---|
r-devel-linux-x86_64-debian-clang | 2.0.0 | 3.08 | 29.19 | 32.27 | OK | |
r-devel-linux-x86_64-debian-gcc | 2.0.0 | 1.92 | 22.28 | 24.20 | OK | |
r-devel-linux-x86_64-fedora-clang | 2.0.0 | 49.05 | OK | |||
r-devel-linux-x86_64-fedora-gcc | 2.0.0 | 60.92 | OK | |||
r-devel-windows-x86_64 | 2.0.0 | 3.00 | 48.00 | 51.00 | OK | |
r-patched-linux-x86_64 | 2.0.0 | 3.01 | 26.52 | 29.53 | OK | |
r-release-linux-x86_64 | 2.0.0 | 2.54 | 26.86 | 29.40 | OK | |
r-release-macos-arm64 | 2.0.0 | 25.00 | OK | |||
r-release-macos-x86_64 | 2.0.0 | 41.00 | OK | |||
r-release-windows-x86_64 | 2.0.0 | 5.00 | 48.00 | 53.00 | OK | |
r-oldrel-macos-arm64 | 2.0.0 | 22.00 | NOTE | |||
r-oldrel-macos-x86_64 | 2.0.0 | 33.00 | NOTE | |||
r-oldrel-windows-x86_64 | 2.0.0 | 6.00 | 54.00 | 60.00 | NOTE |
Version: 2.0.0
Check: LazyData
Result: NOTE
'LazyData' is specified without a 'data' directory
Flavors: r-oldrel-macos-arm64, r-oldrel-macos-x86_64, r-oldrel-windows-x86_64