CRAN Package Check Results for Package SuperRanker

Last updated on 2025-02-19 09:51:04 CET.

Flavor Version Tinstall Tcheck Ttotal Status Flags
r-devel-linux-x86_64-debian-clang 1.2.1 20.82 64.61 85.43 OK
r-devel-linux-x86_64-debian-gcc 1.2.1 15.72 45.17 60.89 OK
r-devel-linux-x86_64-fedora-clang 1.2.1 144.77 OK
r-devel-linux-x86_64-fedora-gcc 1.2.1 136.91 OK
r-devel-macos-arm64 1.2.1 47.00 OK
r-devel-macos-x86_64 1.2.1 94.00 OK
r-devel-windows-x86_64 1.2.1 25.00 95.00 120.00 OK
r-patched-linux-x86_64 1.2.1 22.94 59.09 82.03 OK
r-release-linux-x86_64 1.2.1 24.04 58.72 82.76 OK
r-release-macos-arm64 1.2.1 43.00 OK
r-release-macos-x86_64 1.2.1 76.00 OK
r-release-windows-x86_64 1.2.1 25.00 3.00 28.00 FAIL
r-oldrel-macos-arm64 1.2.1 46.00 OK
r-oldrel-macos-x86_64 1.2.1 74.00 OK
r-oldrel-windows-x86_64 1.2.1 33.00 114.00 147.00 OK

Check Details

Version: 1.2.1
Check: package dependencies
Result: FAIL
Flavor: r-release-windows-x86_64