Last updated on 2025-02-24 09:51:03 CET.
Flavor | Version | Tinstall | Tcheck | Ttotal | Status | Flags |
---|---|---|---|---|---|---|
r-devel-linux-x86_64-debian-clang | 1.0.0 | 13.71 | 118.55 | 132.26 | NOTE | |
r-devel-linux-x86_64-debian-gcc | 1.0.0 | 10.09 | 85.51 | 95.60 | NOTE | |
r-devel-linux-x86_64-fedora-clang | 1.0.0 | 209.83 | NOTE | |||
r-devel-linux-x86_64-fedora-gcc | 1.0.0 | 211.35 | NOTE | |||
r-devel-macos-arm64 | 1.0.0 | 71.00 | OK | |||
r-devel-macos-x86_64 | 1.0.0 | 138.00 | NOTE | |||
r-devel-windows-x86_64 | 1.0.0 | 14.00 | 129.00 | 143.00 | NOTE | |
r-patched-linux-x86_64 | 1.0.0 | 13.35 | 111.57 | 124.92 | OK | |
r-release-linux-x86_64 | 1.0.0 | 11.63 | 111.93 | 123.56 | OK | |
r-release-macos-arm64 | 1.0.0 | 63.00 | OK | |||
r-release-macos-x86_64 | 1.0.0 | 98.00 | OK | |||
r-release-windows-x86_64 | 1.0.0 | 13.00 | 121.00 | 134.00 | OK | |
r-oldrel-macos-arm64 | 1.0.0 | 60.00 | OK | |||
r-oldrel-macos-x86_64 | 1.0.0 | 145.00 | OK | |||
r-oldrel-windows-x86_64 | 1.0.0 | 18.00 | 158.00 | 176.00 | OK |
Version: 1.0.0
Check: DESCRIPTION meta-information
Result: NOTE
Missing dependency on R >= 4.1.0 because package code uses the pipe
|> or function shorthand \(...) syntax added in R 4.1.0.
File(s) using such syntax:
‘Functions.R’
Flavors: r-devel-linux-x86_64-debian-clang, r-devel-linux-x86_64-debian-gcc, r-devel-linux-x86_64-fedora-clang, r-devel-linux-x86_64-fedora-gcc, r-devel-macos-x86_64, r-devel-windows-x86_64