Last updated on 2025-02-19 09:51:04 CET.
Flavor | Version | Tinstall | Tcheck | Ttotal | Status | Flags |
---|---|---|---|---|---|---|
r-devel-linux-x86_64-debian-clang | 1.5 | 4.27 | 51.26 | 55.53 | NOTE | |
r-devel-linux-x86_64-debian-gcc | 1.5 | 3.55 | 34.00 | 37.55 | NOTE | |
r-devel-linux-x86_64-fedora-clang | 1.5 | 97.30 | NOTE | |||
r-devel-linux-x86_64-fedora-gcc | 1.5 | 90.90 | NOTE | |||
r-devel-macos-arm64 | 1.5 | 27.00 | NOTE | |||
r-devel-macos-x86_64 | 1.5 | 48.00 | NOTE | |||
r-devel-windows-x86_64 | 1.5 | 5.00 | 70.00 | 75.00 | NOTE | |
r-patched-linux-x86_64 | 1.5 | 4.76 | 46.36 | 51.12 | NOTE | |
r-release-linux-x86_64 | 1.5 | 4.45 | 46.50 | 50.95 | NOTE | |
r-release-macos-arm64 | 1.5 | 27.00 | NOTE | |||
r-release-macos-x86_64 | 1.5 | 37.00 | NOTE | |||
r-release-windows-x86_64 | 1.5 | 6.00 | 3.00 | 9.00 | FAIL | |
r-oldrel-macos-arm64 | 1.5 | 26.00 | OK | |||
r-oldrel-macos-x86_64 | 1.5 | 40.00 | OK | |||
r-oldrel-windows-x86_64 | 1.5 | 8.00 | 74.00 | 82.00 | OK |
Version: 1.5
Check: Rd files
Result: NOTE
checkRd: (-1) adaptIntegrateSpherePolar.Rd:14: Lost braces
14 | code{adaptIntegrateBallPolar()} will likely miss these abrupt changes and give
| ^
Flavors: r-devel-linux-x86_64-debian-clang, r-devel-linux-x86_64-debian-gcc, r-devel-linux-x86_64-fedora-clang, r-devel-linux-x86_64-fedora-gcc, r-devel-macos-arm64, r-devel-macos-x86_64, r-devel-windows-x86_64, r-patched-linux-x86_64, r-release-linux-x86_64, r-release-macos-arm64, r-release-macos-x86_64
Version: 1.5
Check: package dependencies
Result: FAIL
Flavor: r-release-windows-x86_64