CRAN Package Check Results for Package SpatialML

Last updated on 2025-04-15 09:52:33 CEST.

Flavor Version Tinstall Tcheck Ttotal Status Flags
r-devel-linux-x86_64-debian-clang 0.1.7 12.56 95.36 107.92 NOTE
r-devel-linux-x86_64-debian-gcc 0.1.7 8.37 66.67 75.04 NOTE
r-devel-linux-x86_64-fedora-clang 0.1.7 167.34 OK
r-devel-linux-x86_64-fedora-gcc 0.1.7 169.24 OK
r-devel-windows-x86_64 0.1.7 13.00 97.00 110.00 NOTE
r-patched-linux-x86_64 0.1.7 13.17 91.18 104.35 NOTE
r-release-linux-x86_64 0.1.7 11.97 90.98 102.95 NOTE
r-release-macos-arm64 0.1.7 45.00 OK
r-release-macos-x86_64 0.1.7 83.00 OK
r-release-windows-x86_64 0.1.7 14.00 102.00 116.00 NOTE
r-oldrel-macos-arm64 0.1.7 43.00 OK
r-oldrel-macos-x86_64 0.1.7 68.00 OK
r-oldrel-windows-x86_64 0.1.7 19.00 126.00 145.00 OK

Check Details

Version: 0.1.7
Check: Rd cross-references
Result: NOTE Found the following Rd file(s) with Rd \link{} targets missing package anchors: grf.Rd: ranger grf.bw.Rd: ranger Please provide package anchors for all Rd \link{} targets not in the package itself and the base packages. Flavors: r-devel-linux-x86_64-debian-clang, r-devel-linux-x86_64-debian-gcc, r-devel-windows-x86_64, r-patched-linux-x86_64, r-release-linux-x86_64, r-release-windows-x86_64