Last updated on 2025-02-19 09:51:03 CET.
Flavor | Version | Tinstall | Tcheck | Ttotal | Status | Flags |
---|---|---|---|---|---|---|
r-devel-linux-x86_64-debian-clang | 4.3 | 2.38 | 25.75 | 28.13 | OK | |
r-devel-linux-x86_64-debian-gcc | 4.3 | 2.02 | 20.37 | 22.39 | OK | |
r-devel-linux-x86_64-fedora-clang | 4.3 | 48.23 | OK | |||
r-devel-linux-x86_64-fedora-gcc | 4.3 | 44.54 | OK | |||
r-devel-macos-arm64 | 4.3 | 19.00 | OK | |||
r-devel-macos-x86_64 | 4.3 | 35.00 | OK | |||
r-devel-windows-x86_64 | 4.3 | 5.00 | 52.00 | 57.00 | OK | |
r-patched-linux-x86_64 | 4.3 | 2.04 | 24.38 | 26.42 | OK | |
r-release-linux-x86_64 | 4.3 | 2.51 | 24.38 | 26.89 | OK | |
r-release-macos-arm64 | 4.3 | 19.00 | OK | |||
r-release-macos-x86_64 | 4.3 | 26.00 | OK | |||
r-release-windows-x86_64 | 4.3 | 5.00 | 4.00 | 9.00 | FAIL | |
r-oldrel-macos-arm64 | 4.3 | 20.00 | OK | |||
r-oldrel-macos-x86_64 | 4.3 | 24.00 | OK | |||
r-oldrel-windows-x86_64 | 4.3 | 5.00 | 52.00 | 57.00 | OK |
Version: 4.3
Check: package dependencies
Result: FAIL
Flavor: r-release-windows-x86_64