Last updated on 2025-02-19 09:51:02 CET.
Flavor | Version | Tinstall | Tcheck | Ttotal | Status | Flags |
---|---|---|---|---|---|---|
r-devel-linux-x86_64-debian-clang | 0.1.0 | 3.09 | 22.01 | 25.10 | NOTE | |
r-devel-linux-x86_64-debian-gcc | 0.1.0 | 3.01 | 17.00 | 20.01 | NOTE | |
r-devel-linux-x86_64-fedora-clang | 0.1.0 | 43.02 | NOTE | |||
r-devel-linux-x86_64-fedora-gcc | 0.1.0 | 38.41 | NOTE | |||
r-devel-macos-arm64 | 0.1.0 | 18.00 | NOTE | |||
r-devel-macos-x86_64 | 0.1.0 | 29.00 | NOTE | |||
r-devel-windows-x86_64 | 0.1.0 | 5.00 | 50.00 | 55.00 | NOTE | |
r-patched-linux-x86_64 | 0.1.0 | 3.09 | 20.93 | 24.02 | NOTE | |
r-release-linux-x86_64 | 0.1.0 | 4.01 | 20.75 | 24.76 | NOTE | |
r-release-macos-arm64 | 0.1.0 | 18.00 | NOTE | |||
r-release-macos-x86_64 | 0.1.0 | 25.00 | NOTE | |||
r-release-windows-x86_64 | 0.1.0 | 5.00 | 4.00 | 9.00 | FAIL | |
r-oldrel-macos-arm64 | 0.1.0 | 19.00 | OK | |||
r-oldrel-macos-x86_64 | 0.1.0 | 27.00 | OK | |||
r-oldrel-windows-x86_64 | 0.1.0 | 6.00 | 51.00 | 57.00 | OK |
Version: 0.1.0
Check: Rd files
Result: NOTE
checkRd: (-1) SeqDesignInference.Rd:319: Lost braces; missing escapes or markup?
319 | (a) difference in means estimator i.e. [ybar_T - ybar_C +/- t_{alpha/2, n_T + n_C - 2} s_{ybar_T - ybar_C}] or
| ^
checkRd: (-1) SeqDesignInference.Rd:319: Lost braces; missing escapes or markup?
319 | (a) difference in means estimator i.e. [ybar_T - ybar_C +/- t_{alpha/2, n_T + n_C - 2} s_{ybar_T - ybar_C}] or
| ^
checkRd: (-1) SeqDesignInference.Rd:320: Lost braces; missing escapes or markup?
320 | (b) the OLS estimator i.e. [beta_hat_T +/- t_{alpha/2, n + p - 2} s_{beta_hat_T}]
| ^
checkRd: (-1) SeqDesignInference.Rd:320: Lost braces; missing escapes or markup?
320 | (b) the OLS estimator i.e. [beta_hat_T +/- t_{alpha/2, n + p - 2} s_{beta_hat_T}]
| ^
Flavors: r-devel-linux-x86_64-debian-clang, r-devel-linux-x86_64-debian-gcc, r-devel-linux-x86_64-fedora-clang, r-devel-linux-x86_64-fedora-gcc, r-devel-macos-arm64, r-devel-macos-x86_64, r-devel-windows-x86_64, r-patched-linux-x86_64, r-release-linux-x86_64, r-release-macos-arm64, r-release-macos-x86_64
Version: 0.1.0
Check: package dependencies
Result: FAIL
Flavor: r-release-windows-x86_64