Last updated on 2025-02-16 09:50:52 CET.
Flavor | Version | Tinstall | Tcheck | Ttotal | Status | Flags |
---|---|---|---|---|---|---|
r-devel-linux-x86_64-debian-clang | 1.2.0 | 11.67 | 70.68 | 82.35 | OK | |
r-devel-linux-x86_64-debian-gcc | 1.2.0 | 7.24 | 49.31 | 56.55 | OK | |
r-devel-linux-x86_64-fedora-clang | 1.2.0 | 139.49 | OK | |||
r-devel-linux-x86_64-fedora-gcc | 1.2.0 | 115.14 | OK | |||
r-devel-macos-arm64 | 1.2.0 | 39.00 | OK | |||
r-devel-macos-x86_64 | 1.2.0 | 71.00 | OK | |||
r-devel-windows-x86_64 | 1.2.0 | 16.00 | 99.00 | 115.00 | OK | |
r-patched-linux-x86_64 | 1.2.0 | 13.03 | 63.52 | 76.55 | OK | |
r-release-linux-x86_64 | 1.2.0 | 9.77 | 63.91 | 73.68 | OK | |
r-release-macos-arm64 | 1.2.0 | 36.00 | NOTE | |||
r-release-macos-x86_64 | 1.2.0 | 96.00 | NOTE | |||
r-release-windows-x86_64 | 1.2.0 | 16.00 | 97.00 | 113.00 | NOTE | |
r-oldrel-macos-arm64 | 1.2.0 | 42.00 | NOTE | |||
r-oldrel-macos-x86_64 | 1.2.0 | 83.00 | NOTE | |||
r-oldrel-windows-x86_64 | 1.2.0 | 20.00 | 113.00 | 133.00 | NOTE |
Version: 1.2.0
Check: installed package size
Result: NOTE
installed size is 19.3Mb
sub-directories of 1Mb or more:
extdata 18.0Mb
Flavors: r-release-macos-arm64, r-release-macos-x86_64, r-release-windows-x86_64, r-oldrel-macos-arm64, r-oldrel-macos-x86_64, r-oldrel-windows-x86_64