Last updated on 2025-02-19 09:51:02 CET.
Flavor | Version | Tinstall | Tcheck | Ttotal | Status | Flags |
---|---|---|---|---|---|---|
r-devel-linux-x86_64-debian-clang | 0.1 | 6.24 | 54.18 | 60.42 | OK | |
r-devel-linux-x86_64-debian-gcc | 0.1 | 4.54 | 40.16 | 44.70 | OK | |
r-devel-linux-x86_64-fedora-clang | 0.1 | 98.77 | OK | |||
r-devel-linux-x86_64-fedora-gcc | 0.1 | 92.00 | OK | |||
r-devel-macos-arm64 | 0.1 | 29.00 | OK | |||
r-devel-macos-x86_64 | 0.1 | 55.00 | OK | |||
r-devel-windows-x86_64 | 0.1 | 8.00 | 65.00 | 73.00 | OK | |
r-patched-linux-x86_64 | 0.1 | 6.15 | 50.36 | 56.51 | NOTE | |
r-release-linux-x86_64 | 0.1 | 6.56 | 50.95 | 57.51 | NOTE | |
r-release-macos-arm64 | 0.1 | 30.00 | NOTE | |||
r-release-macos-x86_64 | 0.1 | 50.00 | NOTE | |||
r-release-windows-x86_64 | 0.1 | 8.00 | 4.00 | 12.00 | FAIL | |
r-oldrel-macos-arm64 | 0.1 | 33.00 | NOTE | |||
r-oldrel-macos-x86_64 | 0.1 | 51.00 | NOTE | |||
r-oldrel-windows-x86_64 | 0.1 | 9.00 | 78.00 | 87.00 | NOTE |
Version: 0.1
Check: LazyData
Result: NOTE
'LazyData' is specified without a 'data' directory
Flavors: r-patched-linux-x86_64, r-release-linux-x86_64, r-release-macos-arm64, r-release-macos-x86_64, r-oldrel-macos-arm64, r-oldrel-macos-x86_64, r-oldrel-windows-x86_64
Version: 0.1
Check: package dependencies
Result: FAIL
Flavor: r-release-windows-x86_64