Last updated on 2025-04-15 09:52:34 CEST.
Flavor | Version | Tinstall | Tcheck | Ttotal | Status | Flags |
---|---|---|---|---|---|---|
r-devel-linux-x86_64-debian-clang | 1.7.0 | 21.11 | 75.30 | 96.41 | OK | |
r-devel-linux-x86_64-debian-gcc | 1.7.0 | 17.51 | 51.00 | 68.51 | OK | |
r-devel-linux-x86_64-fedora-clang | 1.7.0 | 150.79 | OK | |||
r-devel-linux-x86_64-fedora-gcc | 1.7.0 | 146.94 | OK | |||
r-devel-windows-x86_64 | 1.7.0 | 23.00 | 93.00 | 116.00 | OK | |
r-patched-linux-x86_64 | 1.7.0 | 20.69 | 71.34 | 92.03 | OK | |
r-release-linux-x86_64 | 1.7.0 | 20.89 | 70.93 | 91.82 | OK | |
r-release-macos-arm64 | 1.7.0 | 5.00 | ERROR | |||
r-release-macos-x86_64 | 1.7.0 | 6.00 | ERROR | |||
r-release-windows-x86_64 | 1.7.0 | 24.00 | 94.00 | 118.00 | OK | |
r-oldrel-macos-arm64 | 1.7.0 | 58.00 | OK | |||
r-oldrel-macos-x86_64 | 1.7.0 | 90.00 | OK | |||
r-oldrel-windows-x86_64 | 1.7.0 | 29.00 | 111.00 | 140.00 | OK |
Version: 1.7.0
Check: package dependencies
Result: ERROR
Package required but not available: ‘pathview’
See section ‘The DESCRIPTION file’ in the ‘Writing R Extensions’
manual.
Flavors: r-release-macos-arm64, r-release-macos-x86_64