Last updated on 2025-05-09 09:51:58 CEST.
Flavor | Version | Tinstall | Tcheck | Ttotal | Status | Flags |
---|---|---|---|---|---|---|
r-devel-linux-x86_64-debian-clang | 1.4 | 4.67 | 28.00 | 32.67 | NOTE | |
r-devel-linux-x86_64-debian-gcc | 1.4 | 3.60 | 20.73 | 24.33 | NOTE | |
r-devel-linux-x86_64-fedora-clang | 1.4 | 52.23 | OK | |||
r-devel-linux-x86_64-fedora-gcc | 1.4 | 47.65 | OK | |||
r-devel-windows-x86_64 | 1.4 | 4.00 | 45.00 | 49.00 | OK | |
r-patched-linux-x86_64 | 1.4 | 4.45 | 26.81 | 31.26 | OK | |
r-release-linux-x86_64 | 1.4 | 4.22 | 26.56 | 30.78 | OK | |
r-release-macos-arm64 | 1.4 | 17.00 | OK | |||
r-release-macos-x86_64 | 1.4 | 33.00 | OK | |||
r-release-windows-x86_64 | 1.4 | 4.00 | 48.00 | 52.00 | OK | |
r-oldrel-macos-arm64 | 1.4 | 17.00 | OK | |||
r-oldrel-macos-x86_64 | 1.4 | 32.00 | OK | |||
r-oldrel-windows-x86_64 | 1.4 | 4.00 | 44.00 | 48.00 | OK |
Version: 1.4
Check: CRAN incoming feasibility
Result: NOTE
Maintainer: ‘Moliere Nguile-Makao <moliere.nguile@gmail.com>’
File 'R/SPmlficmcm-internal.R' sets .Random.seed.
This is usually neither needed nor wanted.
Flavors: r-devel-linux-x86_64-debian-clang, r-devel-linux-x86_64-debian-gcc