Last updated on 2025-02-16 09:50:53 CET.
Flavor | Version | Tinstall | Tcheck | Ttotal | Status | Flags |
---|---|---|---|---|---|---|
r-devel-linux-x86_64-debian-clang | 0.2.0 | 5.93 | 52.14 | 58.07 | OK | |
r-devel-linux-x86_64-debian-gcc | 0.2.0 | 3.90 | 38.05 | 41.95 | OK | |
r-devel-linux-x86_64-fedora-clang | 0.2.0 | 95.03 | OK | |||
r-devel-linux-x86_64-fedora-gcc | 0.2.0 | 85.12 | OK | |||
r-devel-macos-arm64 | 0.2.0 | 27.00 | OK | |||
r-devel-macos-x86_64 | 0.2.0 | 47.00 | OK | |||
r-devel-windows-x86_64 | 0.2.0 | 8.00 | 73.00 | 81.00 | OK | |
r-patched-linux-x86_64 | 0.2.0 | 5.66 | 48.54 | 54.20 | NOTE | |
r-release-linux-x86_64 | 0.2.0 | 6.31 | 48.39 | 54.70 | NOTE | |
r-release-macos-arm64 | 0.2.0 | 29.00 | NOTE | |||
r-release-macos-x86_64 | 0.2.0 | 45.00 | NOTE | |||
r-release-windows-x86_64 | 0.2.0 | 8.00 | 70.00 | 78.00 | NOTE | |
r-oldrel-macos-arm64 | 0.2.0 | 29.00 | NOTE | |||
r-oldrel-macos-x86_64 | 0.2.0 | 47.00 | NOTE | |||
r-oldrel-windows-x86_64 | 0.2.0 | 10.00 | 89.00 | 99.00 | NOTE |
Version: 0.2.0
Check: LazyData
Result: NOTE
'LazyData' is specified without a 'data' directory
Flavors: r-patched-linux-x86_64, r-release-linux-x86_64, r-release-macos-arm64, r-release-macos-x86_64, r-release-windows-x86_64, r-oldrel-macos-arm64, r-oldrel-macos-x86_64, r-oldrel-windows-x86_64