CRAN Package Check Results for Package SLmetrics

Last updated on 2025-04-15 09:52:33 CEST.

Flavor Version Tinstall Tcheck Ttotal Status Flags
r-devel-linux-x86_64-debian-clang 0.3-3 252.94 67.06 320.00 OK
r-devel-linux-x86_64-debian-gcc 0.3-3 172.14 52.09 224.23 OK
r-devel-linux-x86_64-fedora-clang 0.3-3 655.42 OK
r-devel-linux-x86_64-fedora-gcc 0.3-3 621.03 OK
r-devel-windows-x86_64 0.3-3 271.00 130.00 401.00 OK
r-patched-linux-x86_64 0.3-3 241.18 68.04 309.22 OK
r-release-linux-x86_64 0.3-3 237.69 68.34 306.03 OK
r-release-macos-arm64 0.3-3 137.00 OK
r-release-macos-x86_64 0.3-3 138.00 OK
r-release-windows-x86_64 0.3-3 280.00 140.00 420.00 OK
r-oldrel-macos-arm64 0.3-3 117.00 NOTE
r-oldrel-macos-x86_64 0.3-3 147.00 NOTE
r-oldrel-windows-x86_64 0.3-3 325.00 159.00 484.00 OK

Check Details

Version: 0.3-3
Check: installed package size
Result: NOTE installed size is 16.7Mb sub-directories of 1Mb or more: libs 15.2Mb Flavors: r-oldrel-macos-arm64, r-oldrel-macos-x86_64