Last updated on 2025-05-09 09:51:54 CEST.
Flavor | Version | Tinstall | Tcheck | Ttotal | Status | Flags |
---|---|---|---|---|---|---|
r-devel-linux-x86_64-debian-clang | 1.0.1.1 | 2.92 | 70.94 | 73.86 | NOTE | |
r-devel-linux-x86_64-debian-gcc | 1.0.1.1 | 2.30 | 47.93 | 50.23 | NOTE | |
r-devel-linux-x86_64-fedora-clang | 1.0.1.1 | 121.90 | OK | |||
r-devel-linux-x86_64-fedora-gcc | 1.0.1.1 | 127.19 | OK | |||
r-devel-windows-x86_64 | 1.0.1.1 | 4.00 | 112.00 | 116.00 | OK | |
r-patched-linux-x86_64 | 1.0.1.1 | 3.88 | 66.63 | 70.51 | OK | |
r-release-linux-x86_64 | 1.0.1.1 | 3.39 | 66.80 | 70.19 | OK | |
r-release-macos-arm64 | 1.0.1.1 | 42.00 | OK | |||
r-release-macos-x86_64 | 1.0.1.1 | 80.00 | OK | |||
r-release-windows-x86_64 | 1.0.1.1 | 5.00 | 115.00 | 120.00 | OK | |
r-oldrel-macos-arm64 | 1.0.1.1 | 39.00 | OK | |||
r-oldrel-macos-x86_64 | 1.0.1.1 | 124.00 | OK | |||
r-oldrel-windows-x86_64 | 1.0.1.1 | 6.00 | 128.00 | 134.00 | OK |
Version: 1.0.1.1
Check: CRAN incoming feasibility
Result: NOTE
Maintainer: ‘Monique Graf <monique.p.n.graf@bluewin.ch>’
No Authors@R field in DESCRIPTION.
Please add one, modifying
Authors@R: person(given = "Monique",
family = "Graf",
role = c("aut", "cre"),
email = "monique.p.n.graf@bluewin.ch")
as necessary.
Flavors: r-devel-linux-x86_64-debian-clang, r-devel-linux-x86_64-debian-gcc