CRAN Package Check Results for Package SCperf

Last updated on 2025-02-16 09:50:52 CET.

Flavor Version Tinstall Tcheck Ttotal Status Flags
r-devel-linux-x86_64-debian-clang 1.1.1 2.05 18.53 20.58 OK
r-devel-linux-x86_64-debian-gcc 1.1.1 1.58 15.10 16.68 OK
r-devel-linux-x86_64-fedora-clang 1.1.1 34.00 OK
r-devel-linux-x86_64-fedora-gcc 1.1.1 31.40 OK
r-devel-macos-arm64 1.1.1 15.00 OK
r-devel-macos-x86_64 1.1.1 27.00 OK
r-devel-windows-x86_64 1.1.1 3.00 41.00 44.00 OK
r-patched-linux-x86_64 1.1.1 2.19 17.74 19.93 NOTE
r-release-linux-x86_64 1.1.1 1.91 17.90 19.81 NOTE
r-release-macos-arm64 1.1.1 14.00 NOTE
r-release-macos-x86_64 1.1.1 25.00 NOTE
r-release-windows-x86_64 1.1.1 3.00 41.00 44.00 NOTE
r-oldrel-macos-arm64 1.1.1 15.00 NOTE
r-oldrel-macos-x86_64 1.1.1 20.00 NOTE
r-oldrel-windows-x86_64 1.1.1 4.00 41.00 45.00 NOTE

Check Details

Version: 1.1.1
Check: LazyData
Result: NOTE 'LazyData' is specified without a 'data' directory Flavors: r-patched-linux-x86_64, r-release-linux-x86_64, r-release-macos-arm64, r-release-macos-x86_64, r-release-windows-x86_64, r-oldrel-macos-arm64, r-oldrel-macos-x86_64, r-oldrel-windows-x86_64