CRAN Package Check Results for Package SAVER

Last updated on 2025-05-08 09:54:13 CEST.

Flavor Version Tinstall Tcheck Ttotal Status Flags
r-devel-linux-x86_64-debian-clang 1.1.2 5.57 40.91 46.48 NOTE
r-devel-linux-x86_64-debian-gcc 1.1.2 5.03 32.49 37.52 NOTE
r-devel-linux-x86_64-fedora-clang 1.1.2 75.01 NOTE
r-devel-linux-x86_64-fedora-gcc 1.1.2 87.33 NOTE
r-devel-windows-x86_64 1.1.2 7.00 64.00 71.00 OK
r-patched-linux-x86_64 1.1.2 6.68 38.69 45.37 OK
r-release-linux-x86_64 1.1.2 7.08 38.45 45.53 OK
r-release-macos-arm64 1.1.2 44.00 OK
r-release-macos-x86_64 1.1.2 65.00 OK
r-release-windows-x86_64 1.1.2 7.00 67.00 74.00 OK
r-oldrel-macos-arm64 1.1.2 36.00 OK
r-oldrel-macos-x86_64 1.1.2 51.00 OK
r-oldrel-windows-x86_64 1.1.2 9.00 78.00 87.00 OK

Check Details

Version: 1.1.2
Check: CRAN incoming feasibility
Result: NOTE Maintainer: ‘Mo Huang <mohuangx@gmail.com>’ Package CITATION file contains call(s) to old-style personList() or as.personList(). Please use c() on person objects instead. Package CITATION file contains call(s) to old-style citEntry(). Please use bibentry() instead. Found the following URLs which should use \doi (with the DOI name only): File ‘SAVER-package.Rd’: https://doi.org/10.1038/s41592-018-0033-z Flavors: r-devel-linux-x86_64-debian-clang, r-devel-linux-x86_64-debian-gcc

Version: 1.1.2
Check: dependencies in R code
Result: NOTE Namespace in Imports field not imported from: ‘methods’ All declared Imports should be used. Flavors: r-devel-linux-x86_64-fedora-clang, r-devel-linux-x86_64-fedora-gcc