CRAN Package Check Results for Package Rspc

Last updated on 2025-05-10 09:50:43 CEST.

Flavor Version Tinstall Tcheck Ttotal Status Flags
r-devel-linux-x86_64-debian-clang 1.2.2 2.10 23.52 25.62 OK
r-devel-linux-x86_64-debian-gcc 1.2.2 1.63 18.83 20.46 OK
r-devel-linux-x86_64-fedora-clang 1.2.2 39.52 OK
r-devel-linux-x86_64-fedora-gcc 1.2.2 52.65 OK
r-devel-windows-x86_64 1.2.2 4.00 45.00 49.00 OK
r-patched-linux-x86_64 1.2.2 2.16 21.18 23.34 OK
r-release-linux-x86_64 1.2.2 2.38 21.32 23.70 OK
r-release-macos-arm64 1.2.2 26.00 OK
r-release-macos-x86_64 1.2.2 60.00 OK
r-release-windows-x86_64 1.2.2 3.00 50.00 53.00 OK
r-oldrel-macos-arm64 1.2.2 23.00 NOTE
r-oldrel-macos-x86_64 1.2.2 32.00 NOTE
r-oldrel-windows-x86_64 1.2.2 3.00 49.00 52.00 NOTE

Check Details

Version: 1.2.2
Check: LazyData
Result: NOTE 'LazyData' is specified without a 'data' directory Flavors: r-oldrel-macos-arm64, r-oldrel-macos-x86_64, r-oldrel-windows-x86_64