Last updated on 2025-04-15 09:52:31 CEST.
Flavor | Version | Tinstall | Tcheck | Ttotal | Status | Flags |
---|---|---|---|---|---|---|
r-devel-linux-x86_64-debian-clang | 0.6.6 | 60.11 | 56.09 | 116.20 | OK | |
r-devel-linux-x86_64-debian-gcc | 0.6.6 | 56.72 | 41.77 | 98.49 | OK | |
r-devel-linux-x86_64-fedora-clang | 0.6.6 | 182.48 | OK | |||
r-devel-linux-x86_64-fedora-gcc | 0.6.6 | 226.00 | OK | |||
r-devel-windows-x86_64 | 0.6.6 | 62.00 | 113.00 | 175.00 | OK | |
r-patched-linux-x86_64 | 0.6.6 | 76.77 | 58.25 | 135.02 | OK | |
r-release-linux-x86_64 | 0.6.6 | 75.06 | 59.20 | 134.26 | OK | |
r-release-macos-arm64 | 0.6.6 | 52.00 | OK | |||
r-release-macos-x86_64 | 0.6.6 | 134.00 | OK | |||
r-release-windows-x86_64 | 0.6.6 | 60.00 | 114.00 | 174.00 | OK | |
r-oldrel-macos-arm64 | 0.6.6 | 54.00 | NOTE | |||
r-oldrel-macos-x86_64 | 0.6.6 | 105.00 | NOTE | |||
r-oldrel-windows-x86_64 | 0.6.6 | 76.00 | 129.00 | 205.00 | OK |
Version: 0.6.6
Check: installed package size
Result: NOTE
installed size is 38.9Mb
sub-directories of 1Mb or more:
libs 38.3Mb
Flavors: r-oldrel-macos-arm64, r-oldrel-macos-x86_64