Last updated on 2025-05-08 09:54:12 CEST.
Flavor | Version | Tinstall | Tcheck | Ttotal | Status | Flags |
---|---|---|---|---|---|---|
r-devel-linux-x86_64-debian-clang | 0.7-3.3 | 7.22 | 38.72 | 45.94 | OK | |
r-devel-linux-x86_64-debian-gcc | 0.7-3.3 | 5.94 | 31.00 | 36.94 | OK | |
r-devel-linux-x86_64-fedora-clang | 0.7-3.3 | 73.72 | OK | |||
r-devel-linux-x86_64-fedora-gcc | 0.7-3.3 | 73.58 | OK | |||
r-devel-windows-x86_64 | 0.7-3.3 | 92.00 | 59.00 | 151.00 | OK | |
r-patched-linux-x86_64 | 0.7-3.3 | 7.28 | 37.09 | 44.37 | OK | |
r-release-linux-x86_64 | 0.7-3.3 | 6.76 | 37.15 | 43.91 | OK | |
r-release-macos-x86_64 | 0.7-3.3 | 42.00 | ERROR | |||
r-release-windows-x86_64 | 0.7-3.3 | 90.00 | 60.00 | 150.00 | OK | |
r-oldrel-macos-x86_64 | 0.7-3.3 | 42.00 | ERROR | |||
r-oldrel-windows-x86_64 | 0.7-3.3 | 86.00 | 67.00 | 153.00 | OK |
Version: 0.7-3.3
Check: whether package can be installed
Result: ERROR
Installation failed.
Flavors: r-release-macos-x86_64, r-oldrel-macos-x86_64