Last updated on 2025-05-08 09:54:12 CEST.
Flavor | Version | Tinstall | Tcheck | Ttotal | Status | Flags |
---|---|---|---|---|---|---|
r-devel-linux-x86_64-debian-clang | 2.1.10 | 412.48 | 58.12 | 470.60 | NOTE | |
r-devel-linux-x86_64-debian-gcc | 2.1.10 | 327.21 | 89.22 | 416.43 | NOTE | |
r-devel-linux-x86_64-fedora-clang | 2.1.10 | 1006.62 | NOTE | |||
r-devel-linux-x86_64-fedora-gcc | 2.1.10 | 1107.75 | NOTE | |||
r-devel-windows-x86_64 | 2.1.10 | 512.00 | 167.00 | 679.00 | NOTE | |
r-patched-linux-x86_64 | 2.1.10 | 436.68 | 118.74 | 555.42 | NOTE | |
r-release-linux-x86_64 | 2.1.10 | 436.58 | 117.82 | 554.40 | NOTE | |
r-release-macos-arm64 | 2.1.10 | 174.00 | NOTE | |||
r-release-macos-x86_64 | 2.1.10 | 178.00 | NOTE | |||
r-release-windows-x86_64 | 2.1.10 | 513.00 | 174.00 | 687.00 | NOTE | |
r-oldrel-macos-arm64 | 2.1.10 | 199.00 | NOTE | |||
r-oldrel-macos-x86_64 | 2.1.10 | 146.00 | NOTE | |||
r-oldrel-windows-x86_64 | 2.1.10 | 607.00 | 183.00 | 790.00 | OK |
Version: 2.1.10
Check: compiled code
Result: NOTE
File ‘Rmixmod/libs/Rmixmod.so’:
Found ‘_ZSt4cout’, possibly from ‘std::cout’ (C++)
Object: ‘mixmod.a’
Compiled code should not call entry points which might terminate R nor
write to stdout/stderr instead of to the console, nor use Fortran I/O
nor system RNGs nor [v]sprintf.
See ‘Writing portable packages’ in the ‘Writing R Extensions’ manual.
Flavors: r-devel-linux-x86_64-debian-clang, r-devel-linux-x86_64-debian-gcc, r-devel-linux-x86_64-fedora-gcc, r-patched-linux-x86_64, r-release-linux-x86_64
Version: 2.1.10
Check: compiled code
Result: NOTE
File ‘Rmixmod/libs/Rmixmod.so’:
Found ‘_ZNSt3__14coutE’, possibly from ‘std::cout’ (C++)
Object: ‘mixmod.a’
Compiled code should not call entry points which might terminate R nor
write to stdout/stderr instead of to the console, nor use Fortran I/O
nor system RNGs nor [v]sprintf.
See ‘Writing portable packages’ in the ‘Writing R Extensions’ manual.
Flavor: r-devel-linux-x86_64-fedora-clang
Version: 2.1.10
Check: compiled code
Result: NOTE
File 'Rmixmod/libs/x64/Rmixmod.dll':
Found '_ZSt4cout', possibly from 'std::cout' (C++)
Object: 'mixmod.a'
Compiled code should not call entry points which might terminate R nor
write to stdout/stderr instead of to the console, nor use Fortran I/O
nor system RNGs nor [v]sprintf.
See 'Writing portable packages' in the 'Writing R Extensions' manual.
Flavors: r-devel-windows-x86_64, r-release-windows-x86_64
Version: 2.1.10
Check: compiled code
Result: NOTE
File ‘Rmixmod/libs/Rmixmod.so’:
Found ‘__ZNSt3__14coutE’, possibly from ‘std::cout’ (C++)
Object: ‘mixmod.a’
Compiled code should not call entry points which might terminate R nor
write to stdout/stderr instead of to the console, nor use Fortran I/O
nor system RNGs nor [v]sprintf.
See ‘Writing portable packages’ in the ‘Writing R Extensions’ manual.
Flavors: r-release-macos-arm64, r-release-macos-x86_64
Version: 2.1.10
Check: installed package size
Result: NOTE
installed size is 44.3Mb
sub-directories of 1Mb or more:
libs 43.3Mb
Flavors: r-oldrel-macos-arm64, r-oldrel-macos-x86_64