CRAN Package Check Results for Package RiverBuilder

Last updated on 2025-02-21 09:50:58 CET.

Flavor Version Tinstall Tcheck Ttotal Status Flags
r-devel-linux-x86_64-debian-clang 0.1.1 3.25 21.57 24.82 OK
r-devel-linux-x86_64-debian-gcc 0.1.1 2.29 16.52 18.81 OK
r-devel-linux-x86_64-fedora-clang 0.1.1 40.13 OK
r-devel-linux-x86_64-fedora-gcc 0.1.1 38.47 OK
r-devel-macos-arm64 0.1.1 16.00 OK
r-devel-macos-x86_64 0.1.1 27.00 OK
r-devel-windows-x86_64 0.1.1 4.00 42.00 46.00 OK
r-patched-linux-x86_64 0.1.1 2.79 20.17 22.96 NOTE
r-release-linux-x86_64 0.1.1 2.94 20.20 23.14 NOTE
r-release-macos-arm64 0.1.1 14.00 NOTE
r-release-macos-x86_64 0.1.1 21.00 NOTE
r-release-windows-x86_64 0.1.1 4.00 37.00 41.00 NOTE
r-oldrel-macos-arm64 0.1.1 15.00 NOTE
r-oldrel-macos-x86_64 0.1.1 20.00 NOTE
r-oldrel-windows-x86_64 0.1.1 6.00 39.00 45.00 NOTE

Check Details

Version: 0.1.1
Check: LazyData
Result: NOTE 'LazyData' is specified without a 'data' directory Flavors: r-patched-linux-x86_64, r-release-linux-x86_64, r-release-macos-arm64, r-release-macos-x86_64, r-release-windows-x86_64, r-oldrel-macos-arm64, r-oldrel-macos-x86_64, r-oldrel-windows-x86_64