CRAN Package Check Results for Package Rexperigen

Last updated on 2025-02-18 09:50:48 CET.

Flavor Version Tinstall Tcheck Ttotal Status Flags
r-devel-linux-x86_64-debian-clang 0.2.1 1.99 21.35 23.34 OK
r-devel-linux-x86_64-debian-gcc 0.2.1 1.55 17.39 18.94 OK
r-devel-linux-x86_64-fedora-clang 0.2.1 38.24 OK
r-devel-linux-x86_64-fedora-gcc 0.2.1 60.55 OK
r-devel-macos-arm64 0.2.1 29.00 OK
r-devel-macos-x86_64 0.2.1 83.00 OK
r-devel-windows-x86_64 0.2.1 4.00 48.00 52.00 OK
r-patched-linux-x86_64 0.2.1 1.89 20.06 21.95 NOTE
r-release-linux-x86_64 0.2.1 1.88 19.99 21.87 NOTE
r-release-macos-arm64 0.2.1 29.00 NOTE
r-release-macos-x86_64 0.2.1 56.00 NOTE
r-release-windows-x86_64 0.2.1 4.00 46.00 50.00 NOTE
r-oldrel-macos-arm64 0.2.1 24.00 NOTE
r-oldrel-macos-x86_64 0.2.1 32.00 NOTE
r-oldrel-windows-x86_64 0.2.1 5.00 49.00 54.00 NOTE

Check Details

Version: 0.2.1
Check: LazyData
Result: NOTE 'LazyData' is specified without a 'data' directory Flavors: r-patched-linux-x86_64, r-release-linux-x86_64, r-release-macos-arm64, r-release-macos-x86_64, r-release-windows-x86_64, r-oldrel-macos-arm64, r-oldrel-macos-x86_64, r-oldrel-windows-x86_64