Last updated on 2025-02-06 09:52:40 CET.
Flavor | Version | Tinstall | Tcheck | Ttotal | Status | Flags |
---|---|---|---|---|---|---|
r-devel-linux-x86_64-debian-clang | 1.0.1 | 12.99 | 111.61 | 124.60 | NOTE | |
r-devel-linux-x86_64-debian-gcc | 1.0.1 | 7.43 | 70.93 | 78.36 | NOTE | |
r-devel-linux-x86_64-fedora-clang | 1.0.1 | 151.70 | NOTE | |||
r-devel-linux-x86_64-fedora-gcc | 1.0.1 | 158.50 | NOTE | |||
r-devel-windows-x86_64 | 1.0.1 | 14.00 | 114.00 | 128.00 | NOTE | |
r-patched-linux-x86_64 | 1.0.1 | 13.05 | 112.38 | 125.43 | OK | |
r-release-linux-x86_64 | 1.0.1 | 10.64 | 106.31 | 116.95 | OK | |
r-release-macos-arm64 | 1.0.1 | 66.00 | OK | |||
r-release-macos-x86_64 | 1.0.1 | 161.00 | OK | |||
r-release-windows-x86_64 | 1.0.1 | 14.00 | 110.00 | 124.00 | OK | |
r-oldrel-macos-arm64 | 1.0.1 | 70.00 | OK | |||
r-oldrel-macos-x86_64 | 1.0.1 | 138.00 | OK | |||
r-oldrel-windows-x86_64 | 1.0.1 | 15.00 | 121.00 | 136.00 | OK |
Version: 1.0.1
Check: DESCRIPTION meta-information
Result: NOTE
Missing dependency on R >= 4.1.0 because package code uses the pipe
|> or function shorthand \(...) syntax added in R 4.1.0.
File(s) using such syntax:
‘Require2.R’ ‘helpers.R’ ‘pak.R’ ‘pkgDep3.R’
Flavors: r-devel-linux-x86_64-debian-clang, r-devel-linux-x86_64-debian-gcc, r-devel-linux-x86_64-fedora-clang, r-devel-linux-x86_64-fedora-gcc, r-devel-windows-x86_64